k + 166 = 0. What is the remainder when m is divided by 7?
5
Let d(r) = -r**2 + 7*r - 8. Let o be d(4). Let n(b) = 9 - 127*b + 121*b - o. Calculate the remainder when n(-5) is divided by 19.
16
Let i(k) = 2*k + 14. Let y be i(-6). Calculate the remainder when 39 is divided by (-3 - 1/(-2))/(y/(-12)).
9
Let w(x) = -24*x - 496. Let l(i) = 9*i - 5*i**2 - 3 + 4*i**2 - 3. Calculate the remainder when l(6) is divided by w(-21).
4
Suppose 5*j = -2*l - 4, -4*l = j + 4 + 4. Let t = -6 - -10. Suppose j = 5*i - t*g - 49, 2*i + 43 = 7*i + 2*g. What is the remainder when 26 is divided by i?
8
Let k be 2/4*(-4 - -14). Suppose 0 = -0*d + k*d - 25. Calculate the remainder when 19 is divided by d.
4
Let f(a) = a**2 - 18*a + 32. Let m be f(14). Let o = m + 39. What is the remainder when 58 is divided by o?
13
Let u(n) = n**3 + 8*n**2 - 12*n - 1. Suppose 6*c - 32 = 430. What is the remainder when c is divided by u(-9)?
25
Suppose 51*o + 1162 = 65*o. Calculate the remainder when o is divided by 25.
8
Suppose 3*f - 31 = -2*p, -5*f + p + 20 = -2*p. Suppose -66 = -6*i + 5*i. Suppose -4*d + i = -2. Calculate the remainder when d is divided by f.
3
Suppose -2*m - m = -78. What is the remainder when m is divided by 0 + -7 + 5 - -5?
2
Calculate the remainder when 75 is divided by 23/(69/102) + 11.
30
Let j = 19 + 19. Suppose 5*s - 2*w = 53, -s - s + 2 = 4*w. Suppose -2*q + 4*c = -j, c + 4*c + s = -q. What is the remainder when 32 is divided by q?
10
Let b be (-4 - -23)*1*(6 - 3). Suppose -4*l + 3*p - b = -5*l, -4*l = 4*p - 196. Calculate the remainder when 267 is divided by l.
42
Let s = -2507 - -2593. What is the remainder when 245 is divided by s?
73
Calculate the remainder when 124 is divided by ((-13)/3)/(2*(-15)/90).
7
Calculate the remainder when 142 is divided by -8*(638/(-16))/11.
26
Let u(t) = 4*t**2 - 24*t + 31. Calculate the remainder when u(6) is divided by 13.
5
Let z(y) = -10*y - 5. Let o = -2 + 0. What is the remainder when z(o) is divided by 9?
6
Suppose -103 = 5*u - 263. Suppose 0 = 49*s - 55*s + 54. What is the remainder when u is divided by s?
5
Let w be (-23)/((-92)/120) - -1*2. Suppose -h + 21 = -w. What is the remainder when h is divided by 18?
17
Suppose -3*y + 4*b - 213 = -8*y, 3*b = -5*y + 211. Calculate the remainder when y is divided by 20.
1
What is the remainder when (1 + -9 - -3) + (5 - -158) is divided by 16?
14
Calculate the remainder when 39 is divided by 10*(-6)/(-15) - -10.
11
Suppose 44*f + 4*f - 192 = 0. What is the remainder when 46 is divided by f?
2
Let r(x) = x**2 + 37*x + 78. Calculate the remainder when 204 is divided by r(-36).
36
Suppose k = -4*t + 22, 2*k - 38 - 1 = -3*t. Suppose 5*a = p + 12, 3*p - 2*a = -25 - 11. What is the remainder when (0 + 3 - 1)*(-306)/p is divided by k?
15
Let k = 375 + -318. Calculate the remainder when k is divided by 25.
7
Let m(h) = 4*h. Let g be m(3). Let w = g - -1. Calculate the remainder when w is divided by 4.
1
Let k(l) = 16*l - 112. What is the remainder when 58 is divided by k(8)?
10
Suppose -5*i + 3*y + 30 = -i, i = 2*y + 5. Calculate the remainder when 55 is divided by i.
1
What is the remainder when 366 is divided by (0 - -2) + -8 + 10?
2
Let a(h) = -h + 6. Let g be a(8). Suppose -5*u + u + 96 = 0. What is the remainder when u is divided by (67 + g)*2/10?
11
Suppose -1688*s = -1682*s - 1074. What is the remainder when s is divided by 10?
9
Suppose -2*o - 1249 = -5*t, 1052 = 5*t + o - 191. What is the remainder when t is divided by 10?
9
Let n(x) = 10*x**3 + 3*x**2 + 2*x - 2. Let b be n(-2). Let w = b - -107. Calculate the remainder when w is divided by 6/(-9) + 76/6.
9
Suppose -4*b - 8 = 3*t, -b + 3*b = -3*t + 2. Suppose t*o - 53 - 19 = 0. What is the remainder when 70 is divided by o?
16
Let s(d) = -37*d**3 + 5*d**2 + 8*d - 3. Calculate the remainder when s(-2) is divided by 75.
72
Suppose s = 5*x + 2 + 10, 0 = s + 3*x - 20. Let m(v) = v**2 + 5*v. Suppose -5*o - 30 = -0*o. Calculate the remainder when s is divided by m(o).
5
Suppose -212*h = -197*h - 930. What is the remainder when h is divided by 37?
25
What is the remainder when (-4)/10 - 120/(-50) is divided by (3/9)/(4/24)?
0
Suppose 0 = -0*n - n + 7. Suppose 0 = h - 2*k + 6, -5*h + n - 2 = -3*k. Suppose -34 = -6*b + h*b. What is the remainder when 67 is divided by b?
16
Calculate the remainder when ((-2)/(-2))/(22/1034) is divided by 9.
2
Suppose -4*n - p - 11 = 4*p, -4*p = -3*n + 15. Suppose n + 14 = h. What is the remainder when h is divided by 12?
3
Let u(p) = 3*p**2 + 135*p + 33. What is the remainder when u(-48) is divided by 26?
23
Let m = 131 - 141. What is the remainder when (-11 - 1)*m/8 is divided by 11?
4
Let y(n) be the second derivative of 23*n**4/4 - n**3/6 - n**2/2 + 19*n. What is the remainder when y(-1) is divided by 36?
33
Let s be (14 - 10) + (15 - 0). Let t = s + -12. Suppose 6 = 5*k - 94. What is the remainder when k is divided by t?
6
Suppose 30*h - 18*h - 732 = 0. Calculate the remainder when h is divided by 60.
1
Let z(j) = 3*j**2 + 55*j - 37. What is the remainder when z(-24) is divided by 15?
11
Let q(z) = -5*z + 12. Calculate the remainder when 457 is divided by q(-3).
25
Let w = 61 + -15. Calculate the remainder when w is divided by 9 + 19 + -7 + -9.
10
Let q(s) = -s**3 + 7*s**2 - 5*s + 1. Let p = 20 - 10. Suppose -23 = -5*d - 3*g, 2*d + 1 = -g + p. Calculate the remainder when 57 is divided by q(d).
28
Let q(n) = 41*n**3 - 3*n**2 - 2*n. Let g be q(-1). Let y = g + 49. What is the remainder when 18 is divided by y?
4
Suppose 0*x = 2*l + 4*x + 166, l + 3*x = -78. What is the remainder when 46 is divided by 27/72 + l/(-8)?
10
Calculate the remainder when (417/5)/((-113)/(-565)) is divided by 116.
69
Let g(y) = y**3 + 24*y**2 + 60*y - 40. Calculate the remainder when g(-18) is divided by 55.
54
Let q(h) = h**2 + h - 25. Calculate the remainder when q(20) is divided by 12.
11
Suppose -8 = 3*l - 5*f + f, 0 = l + 2*f + 6. Let w be (-2)/l + 105/(-6). Let q = 21 + w. Calculate the remainder when q is divided by 2.
0
Let j = 2062 - 2049. Let q(x) = -2*x - 5. What is the remainder when j is divided by q(-6)?
6
Let s be (24/20)/((-6)/(-20)). Suppose 4*t = -v + t + 10, s*v - 24 = 4*t. What is the remainder when 33 is divided by v?
5
Suppose 0 = 3*p + w - 21, 15 = 3*p - 0*p - w. Suppose -3*q + 95 = -2*v, -94 = -4*q + q + v. Let l = p + q. What is the remainder when l is divided by 19?
18
Suppose 37*q - 36*q = 37. What is the remainder when q is divided by 20?
17
Suppose f - 33 = -1. Let t(l) = 15*l + 5. What is the remainder when t(6) is divided by f?
31
Let j(m) = -m**3 - 11*m**2 - 12*m + 29. What is the remainder when 781 is divided by j(-10)?
46
Suppose -3*z = -3*b - 720, -5*z + 5*b + 1206 = 6*b. Let p = -140 - -201. What is the remainder when z is divided by p?
58
Let d = -97 + 104. Calculate the remainder when 207 is divided by d.
4
Let g(n) = n**2 - 9*n + 10. Let i be g(8). Suppose x - i*x + 3*q = -20, -4*x = -4*q - 48. What is the remainder when 47 is divided by x?
7
Let r = 270 - 168. Calculate the remainder when r is divided by 21.
18
Let d = -25 - -27. Suppose 0 = 2*m + 1 - 5. Suppose d - 10 = -m*a. Calculate the remainder when a is divided by 3.
1
What is the remainder when ((-29790)/540)/(1/(-6)) is divided by 9?
7
Suppose 0 = 2*q + 4*t - 8, -2*t + 6*t - 6 = -q. Suppose 20 = -2*k + 3*k. Suppose 5*d + q*b - 4*b = k, 10 = 2*b. Calculate the remainder when d is divided by 3.
0
What is the remainder when 23 is divided by 44/(-16)*-4 + 7?
5
Suppose 0 = 7*b - 2*b - 55. Let m = 421 - 421. Suppose -k + m = -b. Calculate the remainder when 76 is divided by k.
10
Suppose 5*f = o + 98 - 5, 4*f = 4*o + 84. What is the remainder when 67 is divided by f?
13
Suppose m = 26*m - 1375. Calculate the remainder when 158 is divided by m.
48
Let b(j) = 5*j**3 - 3*j**2 + 8*j - 20. Suppose 107 = 4*l + 15. What is the remainder when b(3) is divided by l?
20
Let j(l) = -15*l - 6. Calculate the remainder when j(-8) is divided by 39.
36
Calculate the remainder when 13 is divided by ((-6)/2 - -7)*1.
1
Let u be 16/(-4 + 27/6). Let t = u + -31. Let j(q) = 2*q**2 - 3*q + 2. What is the remainder when 3 is divided by j(t)?
0
Calculate the remainder when 1188/3 - (-1)/(1/(-2)) is divided by 44.
42
Let x(r) = -2*r + 44. Suppose -22